{"id":305,"date":"2024-11-29T10:51:48","date_gmt":"2024-11-29T07:51:48","guid":{"rendered":"http:\/\/chickychick.tr\/?post_type=product&#038;p=305"},"modified":"2024-11-29T10:51:48","modified_gmt":"2024-11-29T07:51:48","slug":"menu-3","status":"publish","type":"product","link":"https:\/\/chickychick.tr\/index.php\/urun\/menu-3\/","title":{"rendered":"Men\u00fc 3"},"content":{"rendered":"<p>2 Adet Ranch Burger + Tenders (2 Adet) + So\u011fan Halkas\u0131 (2 Adet) + Patates K\u0131zartmas\u0131 + Kokteyl Sos + Ranch Sos + Ket\u00e7ap + Mayonez + Coca-Cola (1 L.)<\/p>\n","protected":false},"excerpt":{"rendered":"<p>2 Adet Ranch Burger + Tenders (2 Adet) + So\u011fan Halkas\u0131 (2 Adet) + Patates K\u0131zartmas\u0131 + Kokteyl Sos + Ranch Sos + Ket\u00e7ap + Mayonez<span class=\"excerpt-hellip\"> [\u2026]<\/span><\/p>\n","protected":false},"featured_media":306,"comment_status":"open","ping_status":"closed","template":"","meta":[],"product_brand":[],"product_cat":[47],"product_tag":[],"class_list":{"0":"post-305","1":"product","2":"type-product","3":"status-publish","4":"has-post-thumbnail","6":"product_cat-burger-menu","8":"first","9":"instock","10":"shipping-taxable","11":"product-type-simple"},"_links":{"self":[{"href":"https:\/\/chickychick.tr\/index.php\/wp-json\/wp\/v2\/product\/305","targetHints":{"allow":["GET"]}}],"collection":[{"href":"https:\/\/chickychick.tr\/index.php\/wp-json\/wp\/v2\/product"}],"about":[{"href":"https:\/\/chickychick.tr\/index.php\/wp-json\/wp\/v2\/types\/product"}],"replies":[{"embeddable":true,"href":"https:\/\/chickychick.tr\/index.php\/wp-json\/wp\/v2\/comments?post=305"}],"wp:featuredmedia":[{"embeddable":true,"href":"https:\/\/chickychick.tr\/index.php\/wp-json\/wp\/v2\/media\/306"}],"wp:attachment":[{"href":"https:\/\/chickychick.tr\/index.php\/wp-json\/wp\/v2\/media?parent=305"}],"wp:term":[{"taxonomy":"product_brand","embeddable":true,"href":"https:\/\/chickychick.tr\/index.php\/wp-json\/wp\/v2\/product_brand?post=305"},{"taxonomy":"product_cat","embeddable":true,"href":"https:\/\/chickychick.tr\/index.php\/wp-json\/wp\/v2\/product_cat?post=305"},{"taxonomy":"product_tag","embeddable":true,"href":"https:\/\/chickychick.tr\/index.php\/wp-json\/wp\/v2\/product_tag?post=305"}],"curies":[{"name":"wp","href":"https:\/\/api.w.org\/{rel}","templated":true}]}}