{"id":325,"date":"2024-11-29T11:07:52","date_gmt":"2024-11-29T08:07:52","guid":{"rendered":"http:\/\/chickychick.tr\/?post_type=product&#038;p=325"},"modified":"2024-11-29T11:07:52","modified_gmt":"2024-11-29T08:07:52","slug":"chedar-soslu-patates-kizartmasi","status":"publish","type":"product","link":"https:\/\/chickychick.tr\/index.php\/urun\/chedar-soslu-patates-kizartmasi\/","title":{"rendered":"Chedar Soslu Patates K\u0131zartmas\u0131"},"content":{"rendered":"<p>Ev yap\u0131m\u0131 baharat ve chedar soslu patates k\u0131zartmas\u0131<\/p>\n","protected":false},"excerpt":{"rendered":"<p>Ev yap\u0131m\u0131 baharat ve chedar soslu patates k\u0131zartmas\u0131<\/p>\n","protected":false},"featured_media":326,"comment_status":"open","ping_status":"closed","template":"","meta":[],"product_brand":[],"product_cat":[14],"product_tag":[],"class_list":{"0":"post-325","1":"product","2":"type-product","3":"status-publish","4":"has-post-thumbnail","6":"product_cat-citir-lezzetler","8":"first","9":"instock","10":"shipping-taxable","11":"product-type-simple"},"_links":{"self":[{"href":"https:\/\/chickychick.tr\/index.php\/wp-json\/wp\/v2\/product\/325","targetHints":{"allow":["GET"]}}],"collection":[{"href":"https:\/\/chickychick.tr\/index.php\/wp-json\/wp\/v2\/product"}],"about":[{"href":"https:\/\/chickychick.tr\/index.php\/wp-json\/wp\/v2\/types\/product"}],"replies":[{"embeddable":true,"href":"https:\/\/chickychick.tr\/index.php\/wp-json\/wp\/v2\/comments?post=325"}],"wp:featuredmedia":[{"embeddable":true,"href":"https:\/\/chickychick.tr\/index.php\/wp-json\/wp\/v2\/media\/326"}],"wp:attachment":[{"href":"https:\/\/chickychick.tr\/index.php\/wp-json\/wp\/v2\/media?parent=325"}],"wp:term":[{"taxonomy":"product_brand","embeddable":true,"href":"https:\/\/chickychick.tr\/index.php\/wp-json\/wp\/v2\/product_brand?post=325"},{"taxonomy":"product_cat","embeddable":true,"href":"https:\/\/chickychick.tr\/index.php\/wp-json\/wp\/v2\/product_cat?post=325"},{"taxonomy":"product_tag","embeddable":true,"href":"https:\/\/chickychick.tr\/index.php\/wp-json\/wp\/v2\/product_tag?post=325"}],"curies":[{"name":"wp","href":"https:\/\/api.w.org\/{rel}","templated":true}]}}