{"id":340,"date":"2024-11-29T11:17:18","date_gmt":"2024-11-29T08:17:18","guid":{"rendered":"http:\/\/chickychick.tr\/?post_type=product&#038;p=340"},"modified":"2024-11-29T11:17:18","modified_gmt":"2024-11-29T08:17:18","slug":"chicky-kanat","status":"publish","type":"product","link":"https:\/\/chickychick.tr\/index.php\/urun\/chicky-kanat\/","title":{"rendered":"Chicky Kanat"},"content":{"rendered":"<p>6 adet Kore usul\u00fc ball\u0131 susaml\u0131, soya soslu kanat. Ranch sos, kokteyl sos, ket\u00e7ap, mayonez, patates k\u0131zartmas\u0131 ile<\/p>\n","protected":false},"excerpt":{"rendered":"<p>6 adet Kore usul\u00fc ball\u0131 susaml\u0131, soya soslu kanat. Ranch sos, kokteyl sos, ket\u00e7ap, mayonez, patates k\u0131zartmas\u0131 ile<\/p>\n","protected":false},"featured_media":339,"comment_status":"open","ping_status":"closed","template":"","meta":[],"product_brand":[],"product_cat":[36],"product_tag":[],"class_list":{"0":"post-340","1":"product","2":"type-product","3":"status-publish","4":"has-post-thumbnail","6":"product_cat-kanatlar","8":"first","9":"instock","10":"shipping-taxable","11":"product-type-simple"},"_links":{"self":[{"href":"https:\/\/chickychick.tr\/index.php\/wp-json\/wp\/v2\/product\/340","targetHints":{"allow":["GET"]}}],"collection":[{"href":"https:\/\/chickychick.tr\/index.php\/wp-json\/wp\/v2\/product"}],"about":[{"href":"https:\/\/chickychick.tr\/index.php\/wp-json\/wp\/v2\/types\/product"}],"replies":[{"embeddable":true,"href":"https:\/\/chickychick.tr\/index.php\/wp-json\/wp\/v2\/comments?post=340"}],"wp:featuredmedia":[{"embeddable":true,"href":"https:\/\/chickychick.tr\/index.php\/wp-json\/wp\/v2\/media\/339"}],"wp:attachment":[{"href":"https:\/\/chickychick.tr\/index.php\/wp-json\/wp\/v2\/media?parent=340"}],"wp:term":[{"taxonomy":"product_brand","embeddable":true,"href":"https:\/\/chickychick.tr\/index.php\/wp-json\/wp\/v2\/product_brand?post=340"},{"taxonomy":"product_cat","embeddable":true,"href":"https:\/\/chickychick.tr\/index.php\/wp-json\/wp\/v2\/product_cat?post=340"},{"taxonomy":"product_tag","embeddable":true,"href":"https:\/\/chickychick.tr\/index.php\/wp-json\/wp\/v2\/product_tag?post=340"}],"curies":[{"name":"wp","href":"https:\/\/api.w.org\/{rel}","templated":true}]}}