{"id":361,"date":"2024-11-29T11:40:51","date_gmt":"2024-11-29T08:40:51","guid":{"rendered":"http:\/\/chickychick.tr\/?post_type=product&#038;p=361"},"modified":"2024-11-29T11:40:51","modified_gmt":"2024-11-29T08:40:51","slug":"acili-macili-burger","status":"publish","type":"product","link":"https:\/\/chickychick.tr\/index.php\/urun\/acili-macili-burger\/","title":{"rendered":"Ac\u0131l\u0131 Mac\u0131l\u0131 Burger"},"content":{"rendered":"<p>K\u0131rm\u0131z\u0131lahana salatas\u0131, \u00f6zel ac\u0131 sos, tur\u015fu, ranch sos, kokteyl sos, ket\u00e7ap, mayonez. Patates k\u0131zartmas\u0131 ile<\/p>\n","protected":false},"excerpt":{"rendered":"<p>K\u0131rm\u0131z\u0131lahana salatas\u0131, \u00f6zel ac\u0131 sos, tur\u015fu, ranch sos, kokteyl sos, ket\u00e7ap, mayonez. Patates k\u0131zartmas\u0131 ile<\/p>\n","protected":false},"featured_media":362,"comment_status":"open","ping_status":"closed","template":"","meta":[],"product_brand":[],"product_cat":[44],"product_tag":[],"class_list":{"0":"post-361","1":"product","2":"type-product","3":"status-publish","4":"has-post-thumbnail","6":"product_cat-burgerler","8":"first","9":"instock","10":"shipping-taxable","11":"product-type-simple"},"_links":{"self":[{"href":"https:\/\/chickychick.tr\/index.php\/wp-json\/wp\/v2\/product\/361","targetHints":{"allow":["GET"]}}],"collection":[{"href":"https:\/\/chickychick.tr\/index.php\/wp-json\/wp\/v2\/product"}],"about":[{"href":"https:\/\/chickychick.tr\/index.php\/wp-json\/wp\/v2\/types\/product"}],"replies":[{"embeddable":true,"href":"https:\/\/chickychick.tr\/index.php\/wp-json\/wp\/v2\/comments?post=361"}],"wp:featuredmedia":[{"embeddable":true,"href":"https:\/\/chickychick.tr\/index.php\/wp-json\/wp\/v2\/media\/362"}],"wp:attachment":[{"href":"https:\/\/chickychick.tr\/index.php\/wp-json\/wp\/v2\/media?parent=361"}],"wp:term":[{"taxonomy":"product_brand","embeddable":true,"href":"https:\/\/chickychick.tr\/index.php\/wp-json\/wp\/v2\/product_brand?post=361"},{"taxonomy":"product_cat","embeddable":true,"href":"https:\/\/chickychick.tr\/index.php\/wp-json\/wp\/v2\/product_cat?post=361"},{"taxonomy":"product_tag","embeddable":true,"href":"https:\/\/chickychick.tr\/index.php\/wp-json\/wp\/v2\/product_tag?post=361"}],"curies":[{"name":"wp","href":"https:\/\/api.w.org\/{rel}","templated":true}]}}