{"id":368,"date":"2024-11-29T11:47:41","date_gmt":"2024-11-29T08:47:41","guid":{"rendered":"http:\/\/chickychick.tr\/?post_type=product&#038;p=368"},"modified":"2024-11-29T11:47:41","modified_gmt":"2024-11-29T08:47:41","slug":"koreli-burger","status":"publish","type":"product","link":"https:\/\/chickychick.tr\/index.php\/urun\/koreli-burger\/","title":{"rendered":"Koreli Burger"},"content":{"rendered":"<p>Kore sitili tavuk, sos, susam, ev yap\u0131m\u0131 k\u0131rm\u0131z\u0131 so\u011fan tur\u015fu, ince \u00e7ekilmi\u015f kabak, havu\u00e7, baharatl\u0131 patates k\u0131zartmas\u0131, ranch, kokteyl sos, ket\u00e7ap ve mayonez<\/p>\n","protected":false},"excerpt":{"rendered":"<p>Kore sitili tavuk, sos, susam, ev yap\u0131m\u0131 k\u0131rm\u0131z\u0131 so\u011fan tur\u015fu, ince \u00e7ekilmi\u015f kabak, havu\u00e7, baharatl\u0131 patates k\u0131zartmas\u0131, ranch, kokteyl sos, ket\u00e7ap ve mayonez<\/p>\n","protected":false},"featured_media":369,"comment_status":"open","ping_status":"closed","template":"","meta":[],"product_brand":[],"product_cat":[44],"product_tag":[],"class_list":{"0":"post-368","1":"product","2":"type-product","3":"status-publish","4":"has-post-thumbnail","6":"product_cat-burgerler","8":"first","9":"instock","10":"shipping-taxable","11":"product-type-simple"},"_links":{"self":[{"href":"https:\/\/chickychick.tr\/index.php\/wp-json\/wp\/v2\/product\/368","targetHints":{"allow":["GET"]}}],"collection":[{"href":"https:\/\/chickychick.tr\/index.php\/wp-json\/wp\/v2\/product"}],"about":[{"href":"https:\/\/chickychick.tr\/index.php\/wp-json\/wp\/v2\/types\/product"}],"replies":[{"embeddable":true,"href":"https:\/\/chickychick.tr\/index.php\/wp-json\/wp\/v2\/comments?post=368"}],"wp:featuredmedia":[{"embeddable":true,"href":"https:\/\/chickychick.tr\/index.php\/wp-json\/wp\/v2\/media\/369"}],"wp:attachment":[{"href":"https:\/\/chickychick.tr\/index.php\/wp-json\/wp\/v2\/media?parent=368"}],"wp:term":[{"taxonomy":"product_brand","embeddable":true,"href":"https:\/\/chickychick.tr\/index.php\/wp-json\/wp\/v2\/product_brand?post=368"},{"taxonomy":"product_cat","embeddable":true,"href":"https:\/\/chickychick.tr\/index.php\/wp-json\/wp\/v2\/product_cat?post=368"},{"taxonomy":"product_tag","embeddable":true,"href":"https:\/\/chickychick.tr\/index.php\/wp-json\/wp\/v2\/product_tag?post=368"}],"curies":[{"name":"wp","href":"https:\/\/api.w.org\/{rel}","templated":true}]}}